Let s(v) = 7*v**2 + 8*v**2 - 27*v**2 + 900 + 8*v**2 + 5*v**2 - 19*v. Let g be s(0). Calculate the highest common factor of 18 and g.
18
Let h be (38*-5)/(8/(-28)). Suppose -5*n - 105 + h = 0. What is the highest common factor of n and 48?
16
Let q(w) = 36*w**2 - 96*w + 50. Let j be q(8). Calculate the highest common factor of j and 104.
26
Let g be 39130/95 - (-8)/76. Suppose 16*c - 11*c = h - 74, 5*h - 4*c - g = 0. What is the greatest common factor of 7 and h?
7
Let h be (-24)/(-18)*(-138)/(-8). Suppose -27 = -10*p + h. Suppose 0 = p*m - 10*m + 75. What is the greatest common factor of 165 and m?
15
Suppose 3*k + 4 = 5*u - 24, 4*k + 29 = 5*u. Suppose 0 = -3*d + u*z + 509, -3*z - 843 = -5*d - 0*z. What is the highest common factor of 48 and d?
24
Suppose 4*t + 419 = 451. Calculate the greatest common factor of t and 26840.
8
Let f(a) = 10*a + 123. Let q be f(-12). Suppose -12*u = q*u - 870. What is the greatest common factor of 2 and u?
2
Let r(v) = v**2 + 2257*v + 49200. Let m be r(-22). Suppose -4*i + 5*t + 850 = 3*t, -185 = -i - 5*t. Calculate the greatest common divisor of i and m.
30
Let j(f) = -f**3 - f**2 - f - 2. Let n be j(-2). Suppose n*i - 3*i - 9 = 0. Suppose -i*s + 12 = -8*s. What is the highest common factor of 6 and s?
6
Let s = -2698622 - -2698657. Let w be 1 - (-3)/(-1)*-3. Let f = w - -4. Calculate the highest common factor of s and f.
7
Let b(i) = 2*i - 12. Let p(d) = d + 1. Let x(j) = -b(j) + p(j). Let n be (-8 - -6)/(2/(-4)). Let m be x(n). What is the highest common divisor of m and 72?
9
Suppose -3*w + 1159 + 461 = 33*w. What is the highest common divisor of 828 and w?
9
Suppose 146*g - 31534 = 30370. What is the greatest common divisor of g and 8?
8
Suppose -602033 - 1015822 = -69*p - 250620. Calculate the greatest common divisor of p and 15.
15
Suppose -4*k + 2*b + 1558 = 0, k = 3*k + b - 781. Let u(i) = -242*i - 7714. Let s be u(-32). What is the greatest common divisor of k and s?
30
Let j be 18/45 - (3447/(-15))/3. Let b be 22/j + (-42330)/(-21). What is the greatest common divisor of b and 56?
56
Let z = 284 - 196. Suppose -34*y + z = -26*y. Calculate the greatest common divisor of y and 33.
11
Let y be (8/14)/(-1) - (-134)/14. Let g(d) = -2*d + 23. Let r be g(y). Calculate the greatest common factor of r and 85.
5
Suppose -24*s = -40*s + 3120. Calculate the highest common divisor of 135 and s.
15
Let v(j) = j**3 + 6*j**2 + j - 10. Let d be (-15)/6*1*(-18)/(-15). Let k be v(d). Suppose 0 = k*u - 13*u - 23. What is the greatest common factor of u and 46?
23
Suppose 0 = 2*p - 5*k - 28, -3*p + 3*k - 25 = -4*p. Let q be p/(-95) - 642/(-10). Let b = q + -42. Calculate the greatest common factor of 242 and b.
22
Let w(p) = -68*p - 22. Let v be w(1). Let q be 18/v - 108/(-15). Calculate the highest common divisor of 133 and q.
7
Let t = -178 + 183. Suppose -4*y + 5*d = 236 - 786, t*y + 5*d - 665 = 0. Calculate the greatest common divisor of y and 45.
45
Let i(w) = 11*w + 9. Let z be i(-2). Let p(f) = 3*f**2 + 28*f - 43. Let v be p(z). Calculate the highest common factor of 50 and v.
50
Suppose 97 = 3*r - 2*a, -31 = -r - 2*a + 4*a. Let w be (-9 + 13)*(-2)/(-16)*0. Let m = r + w. Calculate the greatest common factor of m and 11.
11
Let w(p) = p**3 - p**2 - 19*p + 44. Let v be w(4). Calculate the greatest common divisor of 928 and v.
16
Suppose 0 = g - 2*g + 3. Let i = -18 - g. Let a = i + 75. What is the greatest common factor of a and 6?
6
Let n = -616 + 1263. Let l = n - 632. Let j be -30*(-1 + (-2)/(-4)). Calculate the highest common divisor of j and l.
15
Let b be 1036257/4155 - 2/15*3. Calculate the greatest common factor of 664 and b.
83
Suppose 2*f = a + 14 + 15, 3*f = 2*a + 60. Let z be (-468)/a - 2/11. Let c = -342 + 356. Calculate the highest common divisor of z and c.
14
Let y = 3426 - 3426. Suppose 5*m - 4*h - 15 = 6, -3*m = 3*h - 18. Suppose m*a + y*a = 300. What is the greatest common divisor of 24 and a?
12
Suppose v - 1776 = -p, -6 = 15*v - 16*v. Calculate the highest common divisor of p and 20.
10
Suppose 9 - 129 = -40*r. Suppose r*k = -9*k + 1116. What is the highest common factor of 496 and k?
31
Suppose 32 = -2*o + 6*o. Let b(q) be the first derivative of 3*q**2 - 3*q - 699. Let i be b(o). Calculate the greatest common divisor of 405 and i.
45
Suppose 107 = 5*q - 368. Suppose 0 = -2*g - 28*f + 31*f + 1520, 3*g - 3*f - 2280 = 0. What is the greatest common divisor of q and g?
95
Suppose -2363 = -51*l + 4986 - 1841. Calculate the greatest common divisor of 234 and l.
18
Let q(y) be the second derivative of -y**4/12 + 53*y**3/6 - 72*y**2 - y + 89. Let b be q(37). Calculate the highest common factor of 7 and b.
7
Let t(z) = z**3 + 42*z**2 + 356*z - 20. Let c be t(-12). Calculate the highest common divisor of 826 and c.
14
Let j be (-1 + -21)*(-14)/4. Let y(f) = -4*f**3 + 17*f**2 + 27*f - 5. Let c be y(5). What is the greatest common divisor of j and c?
11
Let q(w) = -17*w + 218. Let u(f) = -3*f**3 + 11*f**2 - 5*f + 4. Let v be u(3). Let o be q(v). Calculate the greatest common factor of o and 88.
11
Suppose 11 = 9*k - 7. Suppose -5*w = -k*x + 57, 3*w - 48 = -x - w. Calculate the greatest common divisor of x and 4.
4
Let i be (-865)/(-10)*6 - 0/1. Let k = -391 + i. What is the greatest common divisor of 144 and k?
16
Let r = -11023 - -11038. Let h(y) = 2*y**2 + y**2 + 21*y - 4*y**2 + 20. Let m be h(r). What is the highest common divisor of 10 and m?
10
Suppose -5*f + 337 - 77 = 0. Let x(c) = -153*c + 3. Let y be x(-1). Calculate the greatest common divisor of y and f.
52
Let z(o) = o**2 - 27*o - 1830. Let u be z(-43). Calculate the greatest common factor of 472 and u.
236
Suppose -2*q = -5*v + 1682, 2*q - 334 = 43*v - 44*v. What is the highest common divisor of v and 208?
16
Let u be 6930/660 + 57/2. What is the highest common factor of 5421 and u?
39
Let l(p) = 160*p + 132. Let t be l(0). What is the highest common factor of t and 858?
66
Let w be -1*(-4)/(-2) - (-808)/(-8). Let b = -45 - w. Calculate the highest common divisor of 522 and b.
58
Let f(y) = -149*y + 1944. Let q be f(12). What is the greatest common factor of q and 852?
12
Suppose 5*i + h - 120 = 0, 5*h = -3*i + 3*h + 79. Let l be (0 - 10)*103224/(-4080). Calculate the greatest common factor of l and i.
23
Let i be (-3 + 243/(-6))*(7/(-21) + -7). What is the greatest common divisor of i and 1885?
29
Suppose 593*x + 903 = 614*x. What is the greatest common divisor of x and 8213?
43
Suppose 42*s + 91 - 257 = 433 + 745. Let o be 1*(0 + -1) + 161. Calculate the greatest common factor of s and o.
32
Let q(i) = -i + 7. Let c = 108 - 113. Let h be q(c). What is the greatest common divisor of 204 and h?
12
Suppose 3*c = -f + 119, -5*c - 647 = -2*f - 838. Calculate the greatest common divisor of c and 2626.
13
Let s = 33 + -15. Let y be ((-66)/15 - -4) + (-60800)/(-125). Calculate the highest common factor of y and s.
18
Let q(t) = -t**3 + 13*t**2 - 2*t - 8. Let c be q(7). Let f be 40 + (-18)/(-27)*-9. Calculate the highest common factor of c and f.
34
Let i = -106 - -304. Let f = i - 183. What is the highest common divisor of 105 and f?
15
Let d = -1035 + 1731. What is the greatest common factor of 32 and d?
8
Let b = -5 - -10. Let k(a) = a**2 + 12 - b + 5 + 3 + 9*a. Let s be k(-7). What is the greatest common divisor of 8 and s?
1
Let g(z) = -629*z - 1430. Let m be g(-5). Calculate the highest common divisor of m and 805.
35
Let n be (110/6)/(255/16065). Calculate the greatest common factor of 275 and n.
55
Let w be ((-160)/50)/((-16)/40). Calculate the highest common divisor of w and 7688.
8
Let s = 96 - 64. Let h = s + -113. Let a = 186 + h. What is the greatest common factor of a and 21?
21
Let n = 140 + -2. Let m = n - 78. What is the highest common divisor of 20 and m?
20
Suppose m = 5*f + 1460, 0 = -5*m - 4*f - 0*f + 7155. Calculate the highest common factor of m and 70.
35
Let b be ((-400)/(-6))/(4/18)*51/153. Calculate the greatest common divisor of 1825 and b.
25
Let a(g) = -g**2 + 7*g + 121. Let o be a(-8). Let c be 14/21*(4 - o). What is the greatest common factor of 4 and c?
2
Let d be 1*(-3 + 7 + -1). Let j be (d + 3)*88/24. What is the greatest common factor of j and 6?
2
Let i = 7 + -7. Suppose i = -s + 8 + 85. Let a = -182 - -244